{"id":205,"date":"2026-01-17T17:10:18","date_gmt":"2026-01-17T20:10:18","guid":{"rendered":"http:\/\/localhost\/tecanelle\/?post_type=product&#038;p=205"},"modified":"2026-01-29T18:50:08","modified_gmt":"2026-01-29T21:50:08","slug":"rooibos-aspalathus-linearis","status":"publish","type":"product","link":"https:\/\/tecanelle.cl\/producto\/rooibos-aspalathus-linearis\/","title":{"rendered":"Rooibos (Aspalathus linearis)"},"content":{"rendered":"<p>Originaria de Sud\u00e1frica, de sabor suave, ligeramente dulce, con notas terrosas y un toque a nuez.<\/p>\n<p><strong>Propiedades<\/strong><br \/>\nAntioxidante, alivia molestias digestivas, contribuye a la calma y al bienestar, rica en minerales (hierro, calcio y magnesio), favoreciendo la salud \u00f3sea. Libre de cafe\u00edna. Beber 3-4 tazas al d\u00eda. Apta para el embarazo, lactancia y ni\u00f1os mayores de 2 a\u00f1os.<\/p>\n<p><strong>Preparaci\u00f3n<\/strong><br \/>\nPara una taza de 250 cc.<br \/>\n3-4 grs. (una cdta.)<br \/>\n5-7 min. | 95-100\u00b0<\/p>\n","protected":false},"excerpt":{"rendered":"<p>Originaria de Sud\u00e1frica, de sabor suave, ligeramente dulce, con notas terrosas y un toque a nuez. Propiedades Antioxidante, alivia molestias digestivas, contribuye a la calma y al bienestar, rica en minerales (hierro, calcio y magnesio), favoreciendo la salud \u00f3sea. Libre de cafe\u00edna. Beber 3-4 tazas al d\u00eda. Apta para el embarazo, lactancia y ni\u00f1os mayores [&hellip;]<\/p>\n","protected":false},"featured_media":207,"comment_status":"open","ping_status":"closed","template":"","meta":{"_acf_changed":false},"product_brand":[],"product_cat":[56],"product_tag":[61],"class_list":{"0":"post-205","1":"product","2":"type-product","3":"status-publish","4":"has-post-thumbnail","6":"product_cat-seleccion-botanica","7":"product_tag-rooibos","9":"first","10":"instock","11":"featured","12":"shipping-taxable","13":"purchasable","14":"product-type-variable"},"acf":[],"yoast_head":"<!-- This site is optimized with the Yoast SEO plugin v27.4 - https:\/\/yoast.com\/product\/yoast-seo-wordpress\/ -->\n<title>Rooibos (Aspalathus linearis) - T\u00e9 Canelle<\/title>\n<meta name=\"robots\" content=\"noindex, follow, max-snippet:-1, max-image-preview:large, max-video-preview:-1\" \/>\n<meta property=\"og:locale\" content=\"es_ES\" \/>\n<meta property=\"og:type\" content=\"article\" \/>\n<meta property=\"og:title\" content=\"Rooibos (Aspalathus linearis) - T\u00e9 Canelle\" \/>\n<meta property=\"og:description\" content=\"Originaria de Sud\u00e1frica, de sabor suave, ligeramente dulce, con notas terrosas y un toque a nuez. Propiedades Antioxidante, alivia molestias digestivas, contribuye a la calma y al bienestar, rica en minerales (hierro, calcio y magnesio), favoreciendo la salud \u00f3sea. Libre de cafe\u00edna. Beber 3-4 tazas al d\u00eda. Apta para el embarazo, lactancia y ni\u00f1os mayores [&hellip;]\" \/>\n<meta property=\"og:url\" content=\"http:\/\/tecanelle.cl\/?product=rooibos-aspalathus-linearis\" \/>\n<meta property=\"og:site_name\" content=\"T\u00e9 Canelle\" \/>\n<meta property=\"article:modified_time\" content=\"2026-01-29T21:50:08+00:00\" \/>\n<meta property=\"og:image\" content=\"http:\/\/tecanelle.cl\/wp-content\/uploads\/2026\/01\/rooibos.jpg\" \/>\n\t<meta property=\"og:image:width\" content=\"1200\" \/>\n\t<meta property=\"og:image:height\" content=\"1200\" \/>\n\t<meta property=\"og:image:type\" content=\"image\/jpeg\" \/>\n<meta name=\"twitter:card\" content=\"summary_large_image\" \/>\n<script type=\"application\/ld+json\" class=\"yoast-schema-graph\">{\"@context\":\"https:\\\/\\\/schema.org\",\"@graph\":[{\"@type\":\"WebPage\",\"@id\":\"http:\\\/\\\/tecanelle.cl\\\/?product=rooibos-aspalathus-linearis\",\"url\":\"http:\\\/\\\/tecanelle.cl\\\/?product=rooibos-aspalathus-linearis\",\"name\":\"Rooibos (Aspalathus linearis) - T\u00e9 Canelle\",\"isPartOf\":{\"@id\":\"http:\\\/\\\/tecanelle.cl\\\/#website\"},\"primaryImageOfPage\":{\"@id\":\"http:\\\/\\\/tecanelle.cl\\\/?product=rooibos-aspalathus-linearis#primaryimage\"},\"image\":{\"@id\":\"http:\\\/\\\/tecanelle.cl\\\/?product=rooibos-aspalathus-linearis#primaryimage\"},\"thumbnailUrl\":\"https:\\\/\\\/tecanelle.cl\\\/wp-content\\\/uploads\\\/2026\\\/01\\\/rooibos.jpg\",\"datePublished\":\"2026-01-17T20:10:18+00:00\",\"dateModified\":\"2026-01-29T21:50:08+00:00\",\"breadcrumb\":{\"@id\":\"http:\\\/\\\/tecanelle.cl\\\/?product=rooibos-aspalathus-linearis#breadcrumb\"},\"inLanguage\":\"es-CL\",\"potentialAction\":[{\"@type\":\"ReadAction\",\"target\":[\"http:\\\/\\\/tecanelle.cl\\\/?product=rooibos-aspalathus-linearis\"]}]},{\"@type\":\"ImageObject\",\"inLanguage\":\"es-CL\",\"@id\":\"http:\\\/\\\/tecanelle.cl\\\/?product=rooibos-aspalathus-linearis#primaryimage\",\"url\":\"https:\\\/\\\/tecanelle.cl\\\/wp-content\\\/uploads\\\/2026\\\/01\\\/rooibos.jpg\",\"contentUrl\":\"https:\\\/\\\/tecanelle.cl\\\/wp-content\\\/uploads\\\/2026\\\/01\\\/rooibos.jpg\",\"width\":1200,\"height\":1200,\"caption\":\"infusi\u00f3n de \\\"rooibos\\\"\"},{\"@type\":\"BreadcrumbList\",\"@id\":\"http:\\\/\\\/tecanelle.cl\\\/?product=rooibos-aspalathus-linearis#breadcrumb\",\"itemListElement\":[{\"@type\":\"ListItem\",\"position\":1,\"name\":\"Portada\",\"item\":\"http:\\\/\\\/tecanelle.cl\\\/\"},{\"@type\":\"ListItem\",\"position\":2,\"name\":\"Rooibos (Aspalathus linearis)\"}]},{\"@type\":\"WebSite\",\"@id\":\"http:\\\/\\\/tecanelle.cl\\\/#website\",\"url\":\"http:\\\/\\\/tecanelle.cl\\\/\",\"name\":\"T\u00e9 Canelle\",\"description\":\"Tienda de T\u00e9 Canelle\",\"publisher\":{\"@id\":\"http:\\\/\\\/tecanelle.cl\\\/#organization\"},\"potentialAction\":[{\"@type\":\"SearchAction\",\"target\":{\"@type\":\"EntryPoint\",\"urlTemplate\":\"http:\\\/\\\/tecanelle.cl\\\/?s={search_term_string}\"},\"query-input\":{\"@type\":\"PropertyValueSpecification\",\"valueRequired\":true,\"valueName\":\"search_term_string\"}}],\"inLanguage\":\"es-CL\"},{\"@type\":\"Organization\",\"@id\":\"http:\\\/\\\/tecanelle.cl\\\/#organization\",\"name\":\"T\u00e9 Canelle\",\"url\":\"http:\\\/\\\/tecanelle.cl\\\/\",\"logo\":{\"@type\":\"ImageObject\",\"inLanguage\":\"es-CL\",\"@id\":\"http:\\\/\\\/tecanelle.cl\\\/#\\\/schema\\\/logo\\\/image\\\/\",\"url\":\"https:\\\/\\\/tecanelle.cl\\\/wp-content\\\/uploads\\\/2026\\\/01\\\/cropped-Logo-web-e1769725867700.png\",\"contentUrl\":\"https:\\\/\\\/tecanelle.cl\\\/wp-content\\\/uploads\\\/2026\\\/01\\\/cropped-Logo-web-e1769725867700.png\",\"width\":600,\"height\":396,\"caption\":\"T\u00e9 Canelle\"},\"image\":{\"@id\":\"http:\\\/\\\/tecanelle.cl\\\/#\\\/schema\\\/logo\\\/image\\\/\"}}]}<\/script>\n<!-- \/ Yoast SEO plugin. -->","yoast_head_json":{"title":"Rooibos (Aspalathus linearis) - T\u00e9 Canelle","robots":{"index":"noindex","follow":"follow","max-snippet":"max-snippet:-1","max-image-preview":"max-image-preview:large","max-video-preview":"max-video-preview:-1"},"og_locale":"es_ES","og_type":"article","og_title":"Rooibos (Aspalathus linearis) - T\u00e9 Canelle","og_description":"Originaria de Sud\u00e1frica, de sabor suave, ligeramente dulce, con notas terrosas y un toque a nuez. Propiedades Antioxidante, alivia molestias digestivas, contribuye a la calma y al bienestar, rica en minerales (hierro, calcio y magnesio), favoreciendo la salud \u00f3sea. Libre de cafe\u00edna. Beber 3-4 tazas al d\u00eda. Apta para el embarazo, lactancia y ni\u00f1os mayores [&hellip;]","og_url":"http:\/\/tecanelle.cl\/?product=rooibos-aspalathus-linearis","og_site_name":"T\u00e9 Canelle","article_modified_time":"2026-01-29T21:50:08+00:00","og_image":[{"width":1200,"height":1200,"url":"http:\/\/tecanelle.cl\/wp-content\/uploads\/2026\/01\/rooibos.jpg","type":"image\/jpeg"}],"twitter_card":"summary_large_image","schema":{"@context":"https:\/\/schema.org","@graph":[{"@type":"WebPage","@id":"http:\/\/tecanelle.cl\/?product=rooibos-aspalathus-linearis","url":"http:\/\/tecanelle.cl\/?product=rooibos-aspalathus-linearis","name":"Rooibos (Aspalathus linearis) - T\u00e9 Canelle","isPartOf":{"@id":"http:\/\/tecanelle.cl\/#website"},"primaryImageOfPage":{"@id":"http:\/\/tecanelle.cl\/?product=rooibos-aspalathus-linearis#primaryimage"},"image":{"@id":"http:\/\/tecanelle.cl\/?product=rooibos-aspalathus-linearis#primaryimage"},"thumbnailUrl":"https:\/\/tecanelle.cl\/wp-content\/uploads\/2026\/01\/rooibos.jpg","datePublished":"2026-01-17T20:10:18+00:00","dateModified":"2026-01-29T21:50:08+00:00","breadcrumb":{"@id":"http:\/\/tecanelle.cl\/?product=rooibos-aspalathus-linearis#breadcrumb"},"inLanguage":"es-CL","potentialAction":[{"@type":"ReadAction","target":["http:\/\/tecanelle.cl\/?product=rooibos-aspalathus-linearis"]}]},{"@type":"ImageObject","inLanguage":"es-CL","@id":"http:\/\/tecanelle.cl\/?product=rooibos-aspalathus-linearis#primaryimage","url":"https:\/\/tecanelle.cl\/wp-content\/uploads\/2026\/01\/rooibos.jpg","contentUrl":"https:\/\/tecanelle.cl\/wp-content\/uploads\/2026\/01\/rooibos.jpg","width":1200,"height":1200,"caption":"infusi\u00f3n de \"rooibos\""},{"@type":"BreadcrumbList","@id":"http:\/\/tecanelle.cl\/?product=rooibos-aspalathus-linearis#breadcrumb","itemListElement":[{"@type":"ListItem","position":1,"name":"Portada","item":"http:\/\/tecanelle.cl\/"},{"@type":"ListItem","position":2,"name":"Rooibos (Aspalathus linearis)"}]},{"@type":"WebSite","@id":"http:\/\/tecanelle.cl\/#website","url":"http:\/\/tecanelle.cl\/","name":"T\u00e9 Canelle","description":"Tienda de T\u00e9 Canelle","publisher":{"@id":"http:\/\/tecanelle.cl\/#organization"},"potentialAction":[{"@type":"SearchAction","target":{"@type":"EntryPoint","urlTemplate":"http:\/\/tecanelle.cl\/?s={search_term_string}"},"query-input":{"@type":"PropertyValueSpecification","valueRequired":true,"valueName":"search_term_string"}}],"inLanguage":"es-CL"},{"@type":"Organization","@id":"http:\/\/tecanelle.cl\/#organization","name":"T\u00e9 Canelle","url":"http:\/\/tecanelle.cl\/","logo":{"@type":"ImageObject","inLanguage":"es-CL","@id":"http:\/\/tecanelle.cl\/#\/schema\/logo\/image\/","url":"https:\/\/tecanelle.cl\/wp-content\/uploads\/2026\/01\/cropped-Logo-web-e1769725867700.png","contentUrl":"https:\/\/tecanelle.cl\/wp-content\/uploads\/2026\/01\/cropped-Logo-web-e1769725867700.png","width":600,"height":396,"caption":"T\u00e9 Canelle"},"image":{"@id":"http:\/\/tecanelle.cl\/#\/schema\/logo\/image\/"}}]}},"_links":{"self":[{"href":"https:\/\/tecanelle.cl\/wp-json\/wp\/v2\/product\/205","targetHints":{"allow":["GET"]}}],"collection":[{"href":"https:\/\/tecanelle.cl\/wp-json\/wp\/v2\/product"}],"about":[{"href":"https:\/\/tecanelle.cl\/wp-json\/wp\/v2\/types\/product"}],"replies":[{"embeddable":true,"href":"https:\/\/tecanelle.cl\/wp-json\/wp\/v2\/comments?post=205"}],"wp:featuredmedia":[{"embeddable":true,"href":"https:\/\/tecanelle.cl\/wp-json\/wp\/v2\/media\/207"}],"wp:attachment":[{"href":"https:\/\/tecanelle.cl\/wp-json\/wp\/v2\/media?parent=205"}],"wp:term":[{"taxonomy":"product_brand","embeddable":true,"href":"https:\/\/tecanelle.cl\/wp-json\/wp\/v2\/product_brand?post=205"},{"taxonomy":"product_cat","embeddable":true,"href":"https:\/\/tecanelle.cl\/wp-json\/wp\/v2\/product_cat?post=205"},{"taxonomy":"product_tag","embeddable":true,"href":"https:\/\/tecanelle.cl\/wp-json\/wp\/v2\/product_tag?post=205"}],"curies":[{"name":"wp","href":"https:\/\/api.w.org\/{rel}","templated":true}]}}